 = -5 - 3. Suppose -36 = -q*a - 0*a. Let t(c) = 4*c + 11. Calculate the remainder when a is divided by t(-1).
4
Let u(c) = -4*c + 1. Let h = 4 + -3. Suppose 5*m - 34 = 2*m - l, 0 = l - h. Calculate the remainder when u(-5) is divided by m.
10
What is the remainder when 48/312 - (-2960)/26 is divided by 39?
36
Let i = -16 + 19. What is the remainder when 9 is divided by i?
0
Suppose 7*l + m - 38 = 4*l, 0 = -2*l - 5*m + 34. Calculate the remainder when l is divided by 7.
5
Let y(t) be the first derivative of t**3/3 - t**2 + 2*t + 2. What is the remainder when y(4) is divided by 4?
2
Calculate the remainder when 6/(-12) + (-75)/(-2) is divided by 16.
5
Suppose -4*r - 2*y = -22, r - 4*r = -2*y - 34. Suppose 13 = -3*v + 2*q + 3*q, 0 = v + 4*q - 24. Let n = -1 + v. What is the remainder when r is divided by n?
2
Suppose 6 = 5*a - 54. Suppose -36 = -2*r + 62. Calculate the remainder when r is divided by 4*(-1 + 87/a).
24
Suppose -18*y + 714 = -16*y. What is the remainder when y is divided by 40?
37
Let t = 9 + -3. Let g be 10*3/(6/1). Suppose -g*i = -2*x - 6 - 8, -5*x = i - 19. What is the remainder when t is divided by i?
2
Suppose 0*w = 2*w - 10. Suppose 4*f = -5*z + 73 + 82, 0 = w*z - 3*f - 190. What is the remainder when z is divided by 12?
11
Let s be (-365)/(-11) + 2/(-11). Let w = -15 + s. Calculate the remainder when w is divided by 10.
8
Let w(n) = -n - 4. Let i be w(-8). What is the remainder when 5 is divided by (i - (2 - 2))/2?
1
Let z(a) = a + 1 + 11*a - 4*a. Calculate the remainder when z(7) is divided by 15.
12
Let k be (2 - 1*8)*-1. Let m be (-8)/k*9/(-3). Suppose -y - m*y = -65. Calculate the remainder when 25 is divided by y.
12
Suppose 5*v - n = 248, -v + 2*v = 3*n + 58. What is the remainder when v is divided by 25?
24
Let k = -122 - -155. Let f(c) = 4*c - 4. Calculate the remainder when k is divided by f(4).
9
Let f be -1 + (12/3 - -2). Suppose 36 = -2*l - 3*d, l + f*d + 6 = -5. Let g = l + 35. Calculate the remainder when g is divided by 8.
6
Let i(o) = 5*o**2 + 3*o + 1. Suppose 0 = 16*w - 14*w - 114. Calculate the remainder when w is divided by i(-2).
12
Let u(j) be the first derivative of j**3/3 + 5*j**2/2 + 3*j - 2. Let h be u(-3). Let b(q) = q**2 - q + 3. Calculate the remainder when b(h) is divided by 8.
7
Let b(x) = x**3 - x**2 - x + 184. Let z be b(0). Suppose -d - z = -5*d. Calculate the remainder when d is divided by 16.
14
Let n = -4 + 8. Let t(w) = 4 + w**2 + w - 4*w + w + n*w. Calculate the remainder when 13 is divided by t(-3).
6
Let a(b) = b**2 - 6*b - 11. Let x be a(8). Suppose 3*g = 2*g - x. Let q(p) = -2*p - 5. Calculate the remainder when 8 is divided by q(g).
3
Suppose u + 15*g = 12*g + 24, 0 = -2*u + g + 69. Calculate the remainder when 229 is divided by u.
31
Suppose -p = 2*p - 21. Suppose 5*q - 3*h - p = -h, 2*h - 14 = -2*q. What is the remainder when 6 is divided by q?
0
Let t be 1564/14 + (-6)/(-21). Calculate the remainder when (15/(-10))/((-3)/t) is divided by 15.
11
Suppose 2*w = -3*w + 270. Suppose 3*t - 30 = t + 4*s, 2*t + 4*s = w. Suppose 2*j + 33 = 5*j. Calculate the remainder when t is divided by j.
10
Let x(z) = -z**2 + 14*z + 5. What is the remainder when 55 is divided by x(12)?
26
Suppose -7*t = -t - 768. What is the remainder when t is divided by 65?
63
What is the remainder when 33 is divided by 222/11 + 16/(-88)?
13
Suppose -22 + 7 = -3*c. What is the remainder when 19 is divided by 11/2*(c - 3)?
8
Let c = 20 + -7. Let a be 3*(195/(-9) + 0). Let g = 103 + a. What is the remainder when g is divided by c?
12
Let h = -11 - -13. Calculate the remainder when -2*((-25)/h + -2) is divided by 10.
9
Suppose 3*d - 7*d + 180 = 0. Let b = d - -26. Calculate the remainder when b is divided by 24.
23
Suppose 0 = p + 51 - 88. Calculate the remainder when p is divided by 10.
7
Let i(h) = -9*h - 11. Calculate the remainder when i(-3) is divided by 3.
1
Suppose -7*x + 296 = 58. What is the remainder when 134 is divided by x?
32
Suppose 3*a + 3 = -b, 2*b = 3*a + 15 + 15. Calculate the remainder when 51 is divided by b.
6
Suppose -1 = c, -m = 3*c + 2*c + 77. Let y = m + 122. Let l = 57 - 40. What is the remainder when y is divided by l?
16
Suppose 65 = p - 147. Calculate the remainder when 50 is divided by p/12 + (-4)/6.
16
Suppose 0 = r + 3*r - 28. Suppose -3*n - r + 37 = 0. Calculate the remainder when n is divided by 4.
2
Suppose -34 = -2*x + 2*n, 2*x + 2*n - 4 - 30 = 0. Suppose -14*z + 30 = -8*z. Calculate the remainder when x is divided by z.
2
Let g(w) = 3*w - 5. Suppose 3*l = 89 + 25. Suppose -3*s - 8 = -l. Calculate the remainder when g(8) is divided by s.
9
Let q = 143 - 106. Calculate the remainder when 219 is divided by q.
34
Suppose -5*c - y + 70 = -2*y, 3*c + 5*y - 42 = 0. Calculate the remainder when c is divided by 6.
2
Let k(i) = i**2 - 4*i + 7. Suppose -26*j + 1046 + 410 = 0. What is the remainder when j is divided by k(6)?
18
Let u = -16 + 35. Let w = 31 - u. Suppose -5*b + 90 = 2*d, 2*b = -5*d + 6*b + 159. Calculate the remainder when d is divided by w.
11
Let w(k) = k**3 + 2*k**2 - 4*k + 4. What is the remainder when w(3) is divided by 13?
11
What is the remainder when (-1)/6 - (-5)/(30/73) is divided by 7?
5
Let n = -172 + 178. Let r = 4 + 7. Calculate the remainder when r is divided by n.
5
Suppose 7*w + 48 - 167 = 0. Calculate the remainder when w is divided by 10.
7
Suppose -t = -12 - 13. Let j(h) = -h**2 + 17*h. Let g be j(17). Calculate the remainder when t is divided by 14 - (0 - (g + -1)).
12
Let t = -1 - -4. Suppose t*n - 52 = -4*h, -2*h + 2*n - n + 16 = 0. What is the remainder when 18 is divided by h?
8
Let r(d) be the third derivative of d**4/8 - 3*d**3/2 + 2*d**2. Let m be r(11). Suppose -m = -5*i + i. What is the remainder when 22 is divided by i?
4
What is the remainder when 98 is divided by -4 + (-116)/8*-2?
23
Let s(p) = 2*p**2 + 2*p - 6. Calculate the remainder when s(5) is divided by 14.
12
Calculate the remainder when 17 is divided by 7/(-1)*(-4)/14 - -2.
1
Let b(s) = -7*s + 5. Let z(x) = -85*x + 60. Let w(p) = 25*b(p) - 2*z(p). What is the remainder when w(-4) is divided by 7?
4
Let a(o) = 7*o**2 + 1. Suppose -5*g = -105 + 10. Suppose 0 = 2*x + 3*f - 23, 0 = 2*x - 0*x - f - g. What is the remainder when a(2) is divided by x?
9
Let o = -28 - -40. Suppose -l - 2*l + 131 = -5*f, -5*l - f = -237. Let c = l + -24. What is the remainder when c is divided by o?
11
Suppose -2*i + 1 = -3*i + 2*l, 0 = 2*l - 10. Suppose 2*z + 70 = 2*t, 0 = z + 4 - 1. What is the remainder when t is divided by i?
5
Let f = -62 + 244. Calculate the remainder when f is divided by 46.
44
Let q = 5 + -7. Let t = 3 + q. Calculate the remainder when 4 is divided by (t - 0)/(2/6).
1
Let q(y) = -2*y**2 - 5*y - 9. Let v(o) = -o**2 - 3*o - 5. Let d(h) = -4*q(h) + 7*v(h). What is the remainder when d(5) is divided by 6?
3
Suppose -z = -2*a - 24, -2*z - 3*a = -8 - 5. Calculate the remainder when 23 is divided by z.
9
Let q(m) = -m**3 + 7*m**2 + 9*m - 3. Let v be q(8). Suppose -30 - 15 = -v*u. What is the remainder when 16 is divided by u?
7
Suppose 2*x + u - 91 = 0, 74 = 3*x + 4*u - 75. What is the remainder when 168 is divided by x?
39
Suppose 0 = -x - 2*y + 29, 4*x + y + y - 122 = 0. Suppose x = 5*m - 59. Calculate the remainder when m is divided by (-2 - (-8 - 2)) + 2.
8
Let q(x) be the second derivative of x**5/20 - x**4/6 - x**3/2 - x**2/2 - x. Calculate the remainder when q(4) is divided by (6 - 4)/(6/21).
5
Let b = 159 - 77. Calculate the remainder when b is divided by 21.
19
Let t(x) = -44*x - 10. What is the remainder when t(-1) is divided by 12?
10
Let a(h) = -2*h + 65. What is the remainder when 90 is divided by a(21)?
21
Let w be (-4)/3*(-126)/4. Suppose -4*y + 18 = 2*f, -f - y = 2*f - w. Calculate the remainder when f is divided by (-4)/(-5)*(11 - 1).
7
Let p(d) = d**2 + d - 6. Let s be p(0). Calculate the remainder when (1 + -79)*3/s is divided by -1*56/(1 - 5).
11
What is the remainder when 81 is divided by -5 - (-27 + 1) - (1 + -1)?
18
Suppose 2*l = -2*f + 58, -f = 3*l + 25 - 106. Suppose -45*t + 28 = -41*t. Calculate the remainder when l is divided by t.
5
Let o be (-4)/(-2) + (-9)/3. Let r = 7 + -4. Calculate the remainder when r is divided by 5/o*10/(-25).
1
Suppose 5*c = 127 + 68. Let k